*a = -3*r + 690, 216 - 214 = r. What is the greatest common divisor of z and a?
19
Suppose 0 = 2*f - 5*a - 24 - 61, 2*f + 2*a = 120. Let i be (2/7)/((-1)/(-7)). Let l be i/10 + (-436)/(-20). Calculate the highest common divisor of l and f.
11
Suppose -28*y = -24*y + 148. Let d = y + 69. What is the highest common divisor of 8 and d?
8
Suppose 9*z = 7*z + 168. Suppose 4*f - z = -2*g, -f + 0*g + 20 = g. Calculate the highest common divisor of 176 and f.
22
Let p(x) = -3*x**3 - 6*x**2 - 3*x - 27. Let s be p(-12). Let f be 1/(-6) - s/(-54). What is the greatest common factor of 10 and f?
10
Suppose -55*z + 52*z + 282 = 0. Calculate the greatest common divisor of 141 and z.
47
Suppose -4*x - 89 = -9*x + 2*r, -5*x = r - 83. Let f = x + 19. Let n = 72 - f. Calculate the greatest common divisor of 90 and n.
18
Suppose -2*q = -3*i - 17, 4*q - 3*i = 3 + 28. Suppose -3*o = -q*o + 12. What is the highest common factor of 3 and o?
3
Let u(s) = s**2 + 1. Let p(r) = 4*r**2 - 8*r + 27. Let j(y) = p(y) - 3*u(y). Let n be j(5). Calculate the highest common divisor of 21 and n.
3
Suppose 5*l - 434 = -14. Let g be 1 + 11 + (16/8 - 2). What is the greatest common factor of g and l?
12
Suppose -y = -31 - 2. Suppose y + 47 = 5*s. Let h = 35 + -19. What is the greatest common divisor of s and h?
16
Let u(i) = 78*i + 520. Let w be u(-6). Suppose -3*n - 4*m + 27 + 31 = 0, -4*n + 2*m = -114. What is the greatest common factor of w and n?
26
Let z = -73 + 76. Let v be 1 + -1 - 2 - -19. Suppose -3*t + 2*h + 35 = 0, 0*h + 2*h = t - v. What is the greatest common factor of t and z?
3
Suppose 19 = y + 5*r + 1, -12 = -4*r. Let f = 74 - 20. Suppose y*g - 2*g = f. What is the greatest common factor of g and 36?
18
Suppose 18 + 2 = 5*i. Suppose -16 = -4*x, -x + 53 = 5*y - i*x. Suppose 14*m - y*m - 35 = 0. Calculate the highest common divisor of m and 5.
5
Suppose -6*d + d = -15*d + 840. Let a = 54 - 30. Calculate the highest common divisor of a and d.
12
Let o be ((-6)/4)/(9/(-12)). Let m be (7 - o - 2)*-1. Let y be -2*(-9)/(-6)*m. Calculate the greatest common divisor of 81 and y.
9
Let x be 2 + 21 + (-7 + 4)/3. Let f(h) = -2*h + 54. Let v be f(x). What is the highest common divisor of v and 80?
10
Suppose 0*i = 4*i - 4*f - 96, 0 = -3*f. Let k be (i/(-20))/((-3)/10). Suppose 0*x - k*x = -56. Calculate the highest common factor of 35 and x.
7
Let h = -117 - -183. Suppose -2*j - 2*j + 4*l + 60 = 0, 5*j - 2*l = h. Let n(z) = -6*z. Let d be n(-6). Calculate the highest common factor of j and d.
12
Let l(p) = -4*p - 3. Let b be l(-1). Let k be (5 - (0 + 4))*b. Calculate the highest common factor of k and 3.
1
Let o(w) = w**2 + 15*w + 2. Let b be o(-15). What is the greatest common factor of b and 42?
2
Let b be (0 - -1)/((-1)/(-15)). Let v be (-6 - (-9 - 0)) + b/1. What is the greatest common factor of v and 126?
18
Suppose 5*b + 47 = 5*p - 23, -p + 78 = -5*b. Let z = b + 42. Let s be z*1*(-1 + 2). Calculate the highest common divisor of s and 52.
26
Let l(x) = -4*x**2 - 189*x - 719. Let d be l(-43). Let a = 9 + -1. Calculate the greatest common factor of d and a.
4
Let d be (-2)/14 - 976/28. Let z be (5 - d)*1/(-2). Let i = -19 - z. What is the highest common divisor of i and 9?
1
Let j = -1 - 0. Let c be 183/3 + j + 1. Suppose 7*n = -2*h + 2*n + 71, -2*h - 3*n + c = 0. What is the highest common factor of h and 161?
23
Let c = -138 + 174. Suppose -5*d - 82 = -2*g, -2*g + 5*d = 2*d - 90. Let i be 4/2 + 1 + g. What is the highest common factor of i and c?
18
Suppose 4*j + 4 = 4*r, j + 0*j = -4*r + 9. Suppose 409 = r*o + 89. Let l = 13 + 7. Calculate the greatest common divisor of l and o.
20
Suppose -5*s + 4*c = -409, -2*s + 2*c = -c - 165. Suppose -4*n + 132 = 24. What is the greatest common factor of n and s?
27
Let m(y) = -9 - 6 - 8*y + 5. Let v be m(-4). What is the highest common divisor of v and 55?
11
Let b = -77 - -152. Let d(i) = -6*i + 12. Let w be d(-3). What is the highest common factor of b and w?
15
Let i(u) = -u**2 - 13*u + 3. Let n be i(-9). Suppose -5*p - 2*j = -0*p - 27, 3*j - 9 = -3*p. Suppose n - p = 2*d. What is the highest common factor of 16 and d?
16
Let z = -907 - -1422. Let g be z/20 + 6/(-8). Let x be (-82)/(-8) - (-2)/(-8). What is the highest common factor of g and x?
5
Suppose 3*j - j = -34. Let s = j - -17. Suppose s*i - 3*i = -15. What is the highest common divisor of i and 40?
5
Let o(n) = -n**2 - 7*n + 6. Let y be o(-6). Suppose 4*w = 8 + y. Suppose 0 = -5*l - 3*g + 4*g + 8, -10 = -w*g. What is the greatest common divisor of 6 and l?
2
Let g = -21 - -1. Let u = -290 - -254. Let o = g - u. Calculate the highest common divisor of o and 16.
16
Suppose 0*f - 5 = -5*f - 3*m, -2*m = 0. Let v be f + ((-9)/3 - -6). What is the highest common factor of 12 and v?
4
Let y be (-36)/24 - -17 - (-1)/(-2). What is the greatest common divisor of 21 and y?
3
Let x = 8 - 2. Let c(i) = 2*i**3 - 10*i**2 + 8*i - 12. Let d be c(x). Suppose -4*l = -0*l - d. What is the highest common divisor of 27 and l?
27
Suppose t + 3*t = -12, -2*t - 1 = 5*w. Suppose -y + w = -1. Suppose y*f + 2*n = 20, -25 = f - 3*f - 3*n. Calculate the highest common factor of 5 and f.
5
Let d be ((-6)/12)/((-2)/8). Suppose d*h + 3*h - 10 = 0. Let y be 516/8 - 1/h. What is the greatest common factor of y and 8?
8
Let b be 11/3 + (-7)/(-21). Let v be ((-70)/4)/((-2)/b). Suppose 2*u + 5*q - 14 = 0, -u + 6*u - 4*q - v = 0. Calculate the highest common divisor of u and 7.
7
Let q be (-2)/(-5) + (-518)/70. Let n be (q - -6) + (-303)/(-3). Suppose 2*b - 2*t = -2 + 186, -t = b - n. Calculate the greatest common factor of b and 32.
32
Let m = 20 - -1740. Calculate the greatest common divisor of 20 and m.
20
Let q be (-35)/3*(-300)/(-1 + 11). Calculate the highest common divisor of 100 and q.
50
Let t = 808 - 794. Let p = 211 + -85. What is the highest common divisor of t and p?
14
Let a = -198 + 205. Suppose 5*y + 4*l = 241, y + 2*y = 5*l + 152. Calculate the highest common factor of y and a.
7
Let x(v) = v - 11 - 10 - v**2 + 10*v + 1. Let i be x(6). Calculate the highest common factor of 90 and i.
10
Suppose -2*v + v - 3*n = 5, -5*v + 2*n + 26 = 0. Let r be (166/v + -4)*-2. Let s = r - -105. What is the highest common divisor of s and 20?
10
Let y = -19 - -13. Let s = 9 + y. Suppose 3*l + s = -0*l, -4*j = 4*l - 176. What is the highest common factor of 5 and j?
5
Let h be (-4)/(-6) - 6/9. Suppose h = 2*w + w - 6. Let p be -36*((-12)/3 + w). What is the greatest common factor of p and 18?
18
Let y = -42 + 22. Let t = 23 + y. Suppose 68 + 117 = 2*b - t*a, -a + 85 = b. Calculate the greatest common factor of b and 8.
8
Suppose 4*c + 3*o = 221, -c + 5*o = 2*c - 173. Let h be 0 - ((-464)/c + (-4)/(-14)). Calculate the highest common factor of h and 36.
4
Suppose 0 = 4*g - 545 - 95. Let b be 1/((3/5)/3). Suppose 0 = b*j + 4*m - g, j + 4*m - 31 = 3*m. Calculate the highest common divisor of 9 and j.
9
Let g be (-1 - 74)*5/(125/(-15)). Suppose -43*j - 374 = -g*j. Calculate the highest common divisor of 17 and j.
17
Suppose 6*f - 11*f = 0. Suppose f = -u + t - 5, -u + 2*t + 2*t - 20 = 0. Suppose 2*g - 27 - 7 = u. Calculate the greatest common factor of 153 and g.
17
Let u(t) = -2*t**2 - 6*t - 7. Let w be u(-6). Let r = w + 56. Calculate the greatest common divisor of r and 13.
13
Let i be 71 - (-3)/((-12)/(-20)). What is the highest common factor of 228 and i?
76
Suppose -c - 4*r + 68 = 0, 13*c - 8*c - 340 = 3*r. What is the greatest common factor of c and 748?
68
Let q be 1*16 + 12/(-6). Let b(z) be the first derivative of -3*z**2 + z - 7. Let m be b(-1). Calculate the greatest common factor of q and m.
7
Let j be -4 - (112/4)/(-4). Suppose 0 = n - 4*n + 2*o + 18, j*n - 12 = 4*o. Calculate the highest common factor of 12 and n.
4
Let y = -1803 - -1908. Calculate the greatest common factor of y and 756.
21
Let n = -26 - -30. Suppose -21 = -5*i + n*p, i = -3*i + 3*p + 17. Calculate the greatest common divisor of i and 35.
5
Suppose -4*b = -4*v - 7*b + 476, -4*b - 476 = -4*v. What is the highest common divisor of v and 56?
7
Suppose -10*t + 24*t = 1904. Let u = t + -66. What is the highest common factor of u and 10?
10
Let w be 2992/(-80) - 3/5. Let f = -21 - w. Let x = -1 + f. What is the highest common factor o